{"id":120,"date":"2020-10-17T17:30:13","date_gmt":"2020-10-17T17:30:13","guid":{"rendered":"https:\/\/39642024.servicio-online.net\/index.php\/cv-copy\/"},"modified":"2020-11-07T23:54:12","modified_gmt":"2020-11-07T23:54:12","slug":"sobre-mi","status":"publish","type":"page","link":"https:\/\/espaivincles.es\/index.php\/sobre-mi\/","title":{"rendered":"Sobre mi"},"content":{"rendered":"<div id='av-layout-grid-1'  class='av-layout-grid-container entry-content-wrapper main_color av-fixed-cells     avia-builder-el-0  el_before_av_section  avia-builder-el-first  container_wrap fullsize' style=' '  >\n<div class=\"flex_cell no_margin av_one_third  avia-builder-el-1  el_before_av_cell_one_third  avia-builder-el-first   \"  style='vertical-align:top; padding:3px 0px 0px 0px ; background-color:#a0cdd2; ' ><div class='flex_cell_inner' ><\/div><\/div><div class=\"flex_cell no_margin av_one_third  avia-builder-el-2  el_after_av_cell_one_third  el_before_av_cell_one_third   \"  style='vertical-align:top; padding:3px 0px 0px 0px ; background-color:#88aeb3; ' ><div class='flex_cell_inner' ><\/div><\/div><div class=\"flex_cell no_margin av_one_third  avia-builder-el-3  el_after_av_cell_one_third  avia-builder-el-last   \"  style='vertical-align:top; padding:3px 0px 0px 0px ; background-color:#697e81; ' ><div class='flex_cell_inner' ><\/div><\/div>\n<\/div>\n<div id='av_section_1'  class='avia-section main_color avia-section-large avia-no-border-styling  avia-bg-style-scroll  avia-builder-el-4  el_after_av_layout_row  avia-builder-el-last   container_wrap fullsize' style=' '  ><div class='container' ><div class='template-page content  av-content-full alpha units'><div class='post-entry post-entry-type-page post-entry-120'><div class='entry-content-wrapper clearfix'>\n<div class=\"flex_column av_one_fifth  flex_column_div av-zero-column-padding first  avia-builder-el-5  el_before_av_one_fifth  avia-builder-el-first  \" style='border-radius:0px; '><\/div><div class=\"flex_column av_one_fifth  flex_column_div   avia-builder-el-6  el_after_av_one_fifth  el_before_av_three_fifth  \" style='padding:0px 20px 0px 0px ; border-radius:0px; '><div  class='avia-image-container  av-styling-circle    avia-builder-el-7  avia-builder-el-no-sibling  avia-align-left '  itemprop=\"image\" itemscope=\"itemscope\" itemtype=\"https:\/\/schema.org\/ImageObject\"  ><div class='avia-image-container-inner'><div class='avia-image-overlay-wrap'><a href='https:\/\/espaivincles.es\/wp-content\/uploads\/2020\/10\/LOGO-PNG-700.png' class='avia_image'  ><img class='avia_image ' src='https:\/\/espaivincles.es\/wp-content\/uploads\/2020\/10\/LOGO-PNG-700-258x300.png' alt='' title=''  itemprop=\"thumbnailUrl\"  \/><\/a><\/div><\/div><\/div><\/div><div class=\"flex_column av_three_fifth  flex_column_div   avia-builder-el-8  el_after_av_one_fifth  el_before_av_hr  \" style='padding:0px 20px 0px 0px ; border-radius:0px; '><p><div  style='padding-bottom:0px; font-size:30px;' class='av-special-heading av-special-heading-h3  blockquote modern-quote  avia-builder-el-9  el_before_av_textblock  avia-builder-el-first  av-inherit-size '><h3 class='av-special-heading-tag '  itemprop=\"headline\"  >SOBRE MI<\/h3><div class='special-heading-border'><div class='special-heading-inner-border' ><\/div><\/div><\/div><br \/>\n<section class=\"av_textblock_section \"  itemscope=\"itemscope\" itemtype=\"https:\/\/schema.org\/CreativeWork\" ><div class='avia_textblock  '   itemprop=\"text\" ><p>Montse Mateo Claramunt<br \/>\nPsicologia infantil<br \/>\nM\u00f2bil. 628 55 91 16<\/p>\n<\/div><\/section><\/p><\/div><div   class='hr hr-big   avia-builder-el-11  el_after_av_three_fifth  el_before_av_one_third '><span class='hr-inner ' ><span class='hr-inner-style'><\/span><\/span><\/div>\n<div class=\"flex_column av_one_third  flex_column_div av-zero-column-padding first  avia-builder-el-12  el_after_av_hr  el_before_av_two_third  \" style='border-radius:0px; '><p><div  style='height:1px; margin-top:-32px'  class='hr hr-invisible   avia-builder-el-13  el_before_av_image  avia-builder-el-first '><span class='hr-inner ' ><span class='hr-inner-style'><\/span><\/span><\/div><br \/>\n<div  class='avia-image-container  av-styling-circle    avia-builder-el-14  el_after_av_hr  avia-builder-el-last  avia-align-center '  itemprop=\"image\" itemscope=\"itemscope\" itemtype=\"https:\/\/schema.org\/ImageObject\"  ><div class='avia-image-container-inner'><div class='avia-image-overlay-wrap'><a href='https:\/\/espaivincles.es\/wp-content\/uploads\/2020\/10\/MONTSE-800-X-800.jpg' class='avia_image'  ><img class='avia_image ' src='https:\/\/espaivincles.es\/wp-content\/uploads\/2020\/10\/MONTSE-800-X-800-300x300.jpg' alt='' title=''  itemprop=\"thumbnailUrl\"  \/><\/a><\/div><\/div><\/div><\/p><\/div><div class=\"flex_column av_two_third  av-animated-generic fade-in  flex_column_div av-zero-column-padding   avia-builder-el-15  el_after_av_one_third  el_before_av_hr  \" style='border-radius:0px; '><p><section class=\"av_textblock_section \"  itemscope=\"itemscope\" itemtype=\"https:\/\/schema.org\/CreativeWork\" ><div class='avia_textblock  av_inherit_color '  style='color:#6b6b6b; '  itemprop=\"text\" ><p>Em dic Montse Mateo Claramunt i soc psic\u00f2loga.<\/p>\n<p>Em dedico principalment a l\u2019atenci\u00f3 preco\u00e7, a la psicologia infantil i a l\u2019acompanyament de mares i pares que necessiten suport.<\/p>\n<p>Des de fa 6 anys, complemento la meva feina al CDIAP de Blanes amb la consulta privada a Cabrils. Vaig treballar al CDIAP de Sant Celoni i vaig fer de mestra d\u2019educaci\u00f3 especial a la ZER del Baix Montseny.<\/p>\n<\/div><\/section><br \/>\n<section class=\"av_textblock_section \"  itemscope=\"itemscope\" itemtype=\"https:\/\/schema.org\/CreativeWork\" ><div class='avia_textblock  av_inherit_color '  style='color:#6b6b6b; '  itemprop=\"text\" ><p>Anteriorment, vaig dedicar-me molts anys a l\u2019acompanyament de persones amb diversitat funcional i les seves fam\u00edlies, en concret amb par\u00e0lisi cerebral a la Fundaci\u00f3 Esclat de Barcelona. Dedicaci\u00f3 que em va donar una base humana que considero molt important per la meva vida personal i professi\u00f3 actual. D\u2019aquella \u00e8poca vaig aprendre que els petits detalls tenen molta import\u00e0ncia, que un petit canvi \u00e9s un principi, que prendre\u2019s temps per atendre val la pena, que escoltar i estar present vol dir acompanyar i que una rialla vol dir moltes coses i t\u2019ajuda a seguir.<\/p>\n<p>M\u00e9s endavant, arran de moments personals d&#8217;incertesa, vaig decidir fer un canvi en la meva traject\u00f2ria professional i atendre les dificultats en el desenvolupament dels infants i les seves fam\u00edlies.<\/p>\n<p>Recordo amb molt d\u2019afecte, a persones que al llarg d\u2019aquest temps m\u2019han acompanyat, han contribu\u00eft a la meva formaci\u00f3 personal i m\u2019han ajudat cada dia a ser una mica m\u00e9s sensible a las necessitats dels altres.<\/p>\n<\/div><\/section><br \/>\n<div  class='avia-image-container  av-styling-no-styling    avia-builder-el-18  el_after_av_textblock  avia-builder-el-last  avia-align-left '  itemprop=\"image\" itemscope=\"itemscope\" itemtype=\"https:\/\/schema.org\/ImageObject\"  ><div class='avia-image-container-inner'><div class='avia-image-overlay-wrap'><img class='avia_image' src='http:\/\/test.kriesi.at\/enfold-cv\/wp-content\/uploads\/sites\/15\/2016\/02\/signature-1.png' alt='' title=''   itemprop=\"thumbnailUrl\"  \/><\/div><\/div><\/div><\/p><\/div><div   class='hr hr-big   avia-builder-el-19  el_after_av_two_third  el_before_av_one_third '><span class='hr-inner ' ><span class='hr-inner-style'><\/span><\/span><\/div>\n<div class=\"flex_column av_one_third  flex_column_div av-zero-column-padding first  avia-builder-el-20  el_after_av_hr  el_before_av_two_third  \" style='border-radius:0px; '><p><div  style='height:1px; margin-top:-28px'  class='hr hr-invisible   avia-builder-el-21  el_before_av_heading  avia-builder-el-first '><span class='hr-inner ' ><span class='hr-inner-style'><\/span><\/span><\/div><br \/>\n<div  style='padding-bottom:0px; font-size:22px;' class='av-special-heading av-special-heading-h1  blockquote modern-quote  avia-builder-el-22  el_after_av_hr  avia-builder-el-last  av-inherit-size '><h1 class='av-special-heading-tag '  itemprop=\"headline\"  >Formaci\u00f3 Principal<\/h1><div class='special-heading-border'><div class='special-heading-inner-border' ><\/div><\/div><\/div><\/p><\/div><div class=\"flex_column av_two_third  av-animated-generic fade-in  flex_column_div av-zero-column-padding   avia-builder-el-23  el_after_av_one_third  el_before_av_hr  \" style='border-radius:0px; '><p><div  style='padding-bottom:0px; color:#6b6b6b;font-size:22px;' class='av-special-heading av-special-heading-h1 custom-color-heading blockquote modern-quote  avia-builder-el-24  el_before_av_hr  avia-builder-el-first  av-inherit-size '><h1 class='av-special-heading-tag '  itemprop=\"headline\"  >Llicenciada en Psicologia. Universitat de Barcelona. <\/h1><div class ='av-subheading av-subheading_below av_custom_color ' style='font-size:15px;'><p>Col\u00b7legiada N\u00famero 22232<\/p>\n<\/div><div class='special-heading-border'><div class='special-heading-inner-border' style='border-color:#6b6b6b'><\/div><\/div><\/div><br \/>\n<div  style=' margin-top:10px; margin-bottom:30px;'  class='hr hr-custom hr-left hr-icon-no   avia-builder-el-25  el_after_av_heading  el_before_av_textblock '><span class='hr-inner   inner-border-av-border-fat' style=' width:50px;' ><span class='hr-inner-style'><\/span><\/span><\/div><br \/>\n<section class=\"av_textblock_section \"  itemscope=\"itemscope\" itemtype=\"https:\/\/schema.org\/CreativeWork\" ><div class='avia_textblock  av_inherit_color '  style='color:#6b6b6b; '  itemprop=\"text\" ><ul>\n<li>M\u00e0ster en Atenci\u00f3 Preco\u00e7 a l&#8217;ISEP.<\/li>\n<li>Formaci\u00f3 en el Model Sist\u00e8mic aplicat a les Fam\u00edlies. Centre KINE.<\/li>\n<li>Tractament basats en la mentalitzaci\u00f3 per a fam\u00edlies (MBT-F). Assoc. EDAI.<\/li>\n<li>Formaci\u00f3 espec\u00edfica en Llenguatge. Escola de Patologia del Llenguatge a l&#8217;Hospital de Sant Pau.<\/li>\n<li>Formaci\u00f3 en dificultats de la Lectoescriptura: Detecci\u00f3, diagn\u00f2stic i intervenci\u00f3. Associaci\u00f3 PRISMA.<\/li>\n<li>Formaci\u00f3 espec\u00edfica en Trastorn de l&#8217;Espectre Autista (TEA). Centre Educatiu i Terap\u00e8utic Carrilet.<\/li>\n<li>Formaci\u00f3 en T\u00e8cniques Projectives en cl\u00ednica infanto-juvenil. Fundaci\u00f3 Eul\u00e0lia Torres de Be\u00e0.<\/li>\n<li>Curs d\u2019especialitzaci\u00f3 en els nens prematurs. La import\u00e0ncia de la vinculaci\u00f3. Impartit per Remei Tarrag\u00f3 a Fundaci\u00f3 Eul\u00e0lia Torres de Be\u00e0.<\/li>\n<li>Formaci\u00f3 cl\u00ednica en l\u2019Instrument diagn\u00f2stic per l\u2019Autisme ADI-R i ADOS per la Dra. Amaia Herv\u00e1s. Universitat de Barcelona.<\/li>\n<li>Supervisions a c\u00e0rrec de Anna Romagosa, Jos\u00e9 Luis Lillo, Rosa Agull\u00f3, Paloma Azpilicueta.<\/li>\n<\/ul>\n<\/div><\/section><br \/>\n<div  style=' margin-top:10px; margin-bottom:30px;'  class='hr hr-custom hr-left hr-icon-no   avia-builder-el-27  el_after_av_textblock  avia-builder-el-last '><span class='hr-inner   inner-border-av-border-fat' style=' width:50px;' ><span class='hr-inner-style'><\/span><\/span><\/div><\/p><\/div><div   class='hr hr-big   avia-builder-el-28  el_after_av_two_third  avia-builder-el-last '><span class='hr-inner ' ><span class='hr-inner-style'><\/span><\/span><\/div>\n\n","protected":false},"excerpt":{"rendered":"","protected":false},"author":1,"featured_media":0,"parent":0,"menu_order":0,"comment_status":"closed","ping_status":"closed","template":"","meta":{"_joinchat":[],"footnotes":""},"class_list":["post-120","page","type-page","status-publish","hentry"],"_links":{"self":[{"href":"https:\/\/espaivincles.es\/index.php\/wp-json\/wp\/v2\/pages\/120","targetHints":{"allow":["GET"]}}],"collection":[{"href":"https:\/\/espaivincles.es\/index.php\/wp-json\/wp\/v2\/pages"}],"about":[{"href":"https:\/\/espaivincles.es\/index.php\/wp-json\/wp\/v2\/types\/page"}],"author":[{"embeddable":true,"href":"https:\/\/espaivincles.es\/index.php\/wp-json\/wp\/v2\/users\/1"}],"replies":[{"embeddable":true,"href":"https:\/\/espaivincles.es\/index.php\/wp-json\/wp\/v2\/comments?post=120"}],"version-history":[{"count":19,"href":"https:\/\/espaivincles.es\/index.php\/wp-json\/wp\/v2\/pages\/120\/revisions"}],"predecessor-version":[{"id":777,"href":"https:\/\/espaivincles.es\/index.php\/wp-json\/wp\/v2\/pages\/120\/revisions\/777"}],"wp:attachment":[{"href":"https:\/\/espaivincles.es\/index.php\/wp-json\/wp\/v2\/media?parent=120"}],"curies":[{"name":"wp","href":"https:\/\/api.w.org\/{rel}","templated":true}]}}

<div id='av-layout-grid-1'  class='av-layout-grid-container entry-content-wrapper main_color av-fixed-cells     avia-builder-el-0  el_before_av_section  avia-builder-el-first  container_wrap fullsize' style=' '  >
<div class="flex_cell no_margin av_one_third  avia-builder-el-1  el_before_av_cell_one_third  avia-builder-el-first   "  style='vertical-align:top; padding:3px 0px 0px 0px ; background-color:#a0cdd2; ' ><div class='flex_cell_inner' ></div></div><div class="flex_cell no_margin av_one_third  avia-builder-el-2  el_after_av_cell_one_third  el_before_av_cell_one_third   "  style='vertical-align:top; padding:3px 0px 0px 0px ; background-color:#88aeb3; ' ><div class='flex_cell_inner' ></div></div><div class="flex_cell no_margin av_one_third  avia-builder-el-3  el_after_av_cell_one_third  avia-builder-el-last   "  style='vertical-align:top; padding:3px 0px 0px 0px ; background-color:#697e81; ' ><div class='flex_cell_inner' ></div></div>
</div>
<div id='av_section_1'  class='avia-section main_color avia-section-large avia-no-border-styling  avia-bg-style-scroll  avia-builder-el-4  el_after_av_layout_row  avia-builder-el-last   container_wrap fullsize' style=' '  ><div class='container' ><div class='template-page content  av-content-full alpha units'><div class='post-entry post-entry-type-page post-entry-120'><div class='entry-content-wrapper clearfix'>
<div class="flex_column av_one_fifth  flex_column_div av-zero-column-padding first  avia-builder-el-5  el_before_av_one_fifth  avia-builder-el-first  " style='border-radius:0px; '></div><div class="flex_column av_one_fifth  flex_column_div   avia-builder-el-6  el_after_av_one_fifth  el_before_av_three_fifth  " style='padding:0px 20px 0px 0px ; border-radius:0px; '><div  class='avia-image-container  av-styling-circle    avia-builder-el-7  avia-builder-el-no-sibling  avia-align-left '  itemprop="image" itemscope="itemscope" itemtype="https://schema.org/ImageObject"  ><div class='avia-image-container-inner'><div class='avia-image-overlay-wrap'><a href='https://espaivincles.es/wp-content/uploads/2020/10/LOGO-PNG-700.png' class='avia_image'  ><img class='avia_image ' src='https://espaivincles.es/wp-content/uploads/2020/10/LOGO-PNG-700-258x300.png' alt='' title=''  itemprop="thumbnailUrl"  /></a></div></div></div></div><div class="flex_column av_three_fifth  flex_column_div   avia-builder-el-8  el_after_av_one_fifth  el_before_av_hr  " style='padding:0px 20px 0px 0px ; border-radius:0px; '><p><div  style='padding-bottom:0px; font-size:30px;' class='av-special-heading av-special-heading-h3  blockquote modern-quote  avia-builder-el-9  el_before_av_textblock  avia-builder-el-first  av-inherit-size '><h3 class='av-special-heading-tag '  itemprop="headline"  >SOBRE MI</h3><div class='special-heading-border'><div class='special-heading-inner-border' ></div></div></div><br />
<section class="av_textblock_section "  itemscope="itemscope" itemtype="https://schema.org/CreativeWork" ><div class='avia_textblock  '   itemprop="text" ><p>Montse Mateo Claramunt<br />
Psicologia infantil<br />
Mòbil. 628 55 91 16</p>
</div></section></p></div><div   class='hr hr-big   avia-builder-el-11  el_after_av_three_fifth  el_before_av_one_third '><span class='hr-inner ' ><span class='hr-inner-style'></span></span></div>
<div class="flex_column av_one_third  flex_column_div av-zero-column-padding first  avia-builder-el-12  el_after_av_hr  el_before_av_two_third  " style='border-radius:0px; '><p><div  style='height:1px; margin-top:-32px'  class='hr hr-invisible   avia-builder-el-13  el_before_av_image  avia-builder-el-first '><span class='hr-inner ' ><span class='hr-inner-style'></span></span></div><br />
<div  class='avia-image-container  av-styling-circle    avia-builder-el-14  el_after_av_hr  avia-builder-el-last  avia-align-center '  itemprop="image" itemscope="itemscope" itemtype="https://schema.org/ImageObject"  ><div class='avia-image-container-inner'><div class='avia-image-overlay-wrap'><a href='https://espaivincles.es/wp-content/uploads/2020/10/MONTSE-800-X-800.jpg' class='avia_image'  ><img class='avia_image ' src='https://espaivincles.es/wp-content/uploads/2020/10/MONTSE-800-X-800-300x300.jpg' alt='' title=''  itemprop="thumbnailUrl"  /></a></div></div></div></p></div><div class="flex_column av_two_third  av-animated-generic fade-in  flex_column_div av-zero-column-padding   avia-builder-el-15  el_after_av_one_third  el_before_av_hr  " style='border-radius:0px; '><p><section class="av_textblock_section "  itemscope="itemscope" itemtype="https://schema.org/CreativeWork" ><div class='avia_textblock  av_inherit_color '  style='color:#6b6b6b; '  itemprop="text" ><p>Em dic Montse Mateo Claramunt i soc psicòloga.</p>
<p>Em dedico principalment a l’atenció precoç, a la psicologia infantil i a l’acompanyament de mares i pares que necessiten suport.</p>
<p>Des de fa 6 anys, complemento la meva feina al CDIAP de Blanes amb la consulta privada a Cabrils. Vaig treballar al CDIAP de Sant Celoni i vaig fer de mestra d’educació especial a la ZER del Baix Montseny.</p>
</div></section><br />
<section class="av_textblock_section "  itemscope="itemscope" itemtype="https://schema.org/CreativeWork" ><div class='avia_textblock  av_inherit_color '  style='color:#6b6b6b; '  itemprop="text" ><p>Anteriorment, vaig dedicar-me molts anys a l’acompanyament de persones amb diversitat funcional i les seves famílies, en concret amb paràlisi cerebral a la Fundació Esclat de Barcelona. Dedicació que em va donar una base humana que considero molt important per la meva vida personal i professió actual. D’aquella època vaig aprendre que els petits detalls tenen molta importància, que un petit canvi és un principi, que prendre’s temps per atendre val la pena, que escoltar i estar present vol dir acompanyar i que una rialla vol dir moltes coses i t’ajuda a seguir.</p>
<p>Més endavant, arran de moments personals d&#8217;incertesa, vaig decidir fer un canvi en la meva trajectòria professional i atendre les dificultats en el desenvolupament dels infants i les seves famílies.</p>
<p>Recordo amb molt d’afecte, a persones que al llarg d’aquest temps m’han acompanyat, han contribuït a la meva formació personal i m’han ajudat cada dia a ser una mica més sensible a las necessitats dels altres.</p>
</div></section><br />
<div  class='avia-image-container  av-styling-no-styling    avia-builder-el-18  el_after_av_textblock  avia-builder-el-last  avia-align-left '  itemprop="image" itemscope="itemscope" itemtype="https://schema.org/ImageObject"  ><div class='avia-image-container-inner'><div class='avia-image-overlay-wrap'><img class='avia_image' src='http://test.kriesi.at/enfold-cv/wp-content/uploads/sites/15/2016/02/signature-1.png' alt='' title=''   itemprop="thumbnailUrl"  /></div></div></div></p></div><div   class='hr hr-big   avia-builder-el-19  el_after_av_two_third  el_before_av_one_third '><span class='hr-inner ' ><span class='hr-inner-style'></span></span></div>
<div class="flex_column av_one_third  flex_column_div av-zero-column-padding first  avia-builder-el-20  el_after_av_hr  el_before_av_two_third  " style='border-radius:0px; '><p><div  style='height:1px; margin-top:-28px'  class='hr hr-invisible   avia-builder-el-21  el_before_av_heading  avia-builder-el-first '><span class='hr-inner ' ><span class='hr-inner-style'></span></span></div><br />
<div  style='padding-bottom:0px; font-size:22px;' class='av-special-heading av-special-heading-h1  blockquote modern-quote  avia-builder-el-22  el_after_av_hr  avia-builder-el-last  av-inherit-size '><h1 class='av-special-heading-tag '  itemprop="headline"  >Formació Principal</h1><div class='special-heading-border'><div class='special-heading-inner-border' ></div></div></div></p></div><div class="flex_column av_two_third  av-animated-generic fade-in  flex_column_div av-zero-column-padding   avia-builder-el-23  el_after_av_one_third  el_before_av_hr  " style='border-radius:0px; '><p><div  style='padding-bottom:0px; color:#6b6b6b;font-size:22px;' class='av-special-heading av-special-heading-h1 custom-color-heading blockquote modern-quote  avia-builder-el-24  el_before_av_hr  avia-builder-el-first  av-inherit-size '><h1 class='av-special-heading-tag '  itemprop="headline"  >Llicenciada en Psicologia. Universitat de Barcelona. </h1><div class ='av-subheading av-subheading_below av_custom_color ' style='font-size:15px;'><p>Col·legiada Número 22232</p>
</div><div class='special-heading-border'><div class='special-heading-inner-border' style='border-color:#6b6b6b'></div></div></div><br />
<div  style=' margin-top:10px; margin-bottom:30px;'  class='hr hr-custom hr-left hr-icon-no   avia-builder-el-25  el_after_av_heading  el_before_av_textblock '><span class='hr-inner   inner-border-av-border-fat' style=' width:50px;' ><span class='hr-inner-style'></span></span></div><br />
<section class="av_textblock_section "  itemscope="itemscope" itemtype="https://schema.org/CreativeWork" ><div class='avia_textblock  av_inherit_color '  style='color:#6b6b6b; '  itemprop="text" ><ul>
<li>Màster en Atenció Precoç a l&#8217;ISEP.</li>
<li>Formació en el Model Sistèmic aplicat a les Famílies. Centre KINE.</li>
<li>Tractament basats en la mentalització per a famílies (MBT-F). Assoc. EDAI.</li>
<li>Formació específica en Llenguatge. Escola de Patologia del Llenguatge a l&#8217;Hospital de Sant Pau.</li>
<li>Formació en dificultats de la Lectoescriptura: Detecció, diagnòstic i intervenció. Associació PRISMA.</li>
<li>Formació específica en Trastorn de l&#8217;Espectre Autista (TEA). Centre Educatiu i Terapèutic Carrilet.</li>
<li>Formació en Tècniques Projectives en clínica infanto-juvenil. Fundació Eulàlia Torres de Beà.</li>
<li>Curs d’especialització en els nens prematurs. La importància de la vinculació. Impartit per Remei Tarragó a Fundació Eulàlia Torres de Beà.</li>
<li>Formació clínica en l’Instrument diagnòstic per l’Autisme ADI-R i ADOS per la Dra. Amaia Hervás. Universitat de Barcelona.</li>
<li>Supervisions a càrrec de Anna Romagosa, José Luis Lillo, Rosa Agulló, Paloma Azpilicueta.</li>
</ul>
</div></section><br />
<div  style=' margin-top:10px; margin-bottom:30px;'  class='hr hr-custom hr-left hr-icon-no   avia-builder-el-27  el_after_av_textblock  avia-builder-el-last '><span class='hr-inner   inner-border-av-border-fat' style=' width:50px;' ><span class='hr-inner-style'></span></span></div></p></div><div   class='hr hr-big   avia-builder-el-28  el_after_av_two_third  avia-builder-el-last '><span class='hr-inner ' ><span class='hr-inner-style'></span></span></div>
