{"id":485,"date":"2020-10-25T21:50:38","date_gmt":"2020-10-25T21:50:38","guid":{"rendered":"https:\/\/39642024.servicio-online.net\/index.php\/com-treballo-copy\/"},"modified":"2020-11-21T18:50:50","modified_gmt":"2020-11-21T18:50:50","slug":"serveis","status":"publish","type":"page","link":"https:\/\/espaivincles.es\/index.php\/serveis\/","title":{"rendered":"Serveis"},"content":{"rendered":"<div id='av-layout-grid-1'  class='av-layout-grid-container entry-content-wrapper main_color av-fixed-cells     avia-builder-el-0  el_before_av_section  avia-builder-el-first  container_wrap fullsize' style=' '  >\n<div class=\"flex_cell no_margin av_one_third  avia-builder-el-1  el_before_av_cell_one_third  avia-builder-el-first   \"  style='vertical-align:top; padding:3px 0px 0px 0px ; background-color:#a0cdd2; ' ><div class='flex_cell_inner' ><\/div><\/div><div class=\"flex_cell no_margin av_one_third  avia-builder-el-2  el_after_av_cell_one_third  el_before_av_cell_one_third   \"  style='vertical-align:top; padding:3px 0px 0px 0px ; background-color:#88aeb3; ' ><div class='flex_cell_inner' ><\/div><\/div><div class=\"flex_cell no_margin av_one_third  avia-builder-el-3  el_after_av_cell_one_third  avia-builder-el-last   \"  style='vertical-align:top; padding:3px 0px 0px 0px ; background-color:#697e81; ' ><div class='flex_cell_inner' ><\/div><\/div>\n<\/div>\n<div id='av_section_1'  class='avia-section main_color avia-section-small avia-no-border-styling  avia-bg-style-scroll  avia-builder-el-4  el_after_av_layout_row  el_before_av_section   container_wrap fullsize' style=' margin-top:10px; margin-bottom:10px; '  ><div class='container' ><div class='template-page content  av-content-full alpha units'><div class='post-entry post-entry-type-page post-entry-485'><div class='entry-content-wrapper clearfix'>\n<div class=\"flex_column av_one_fifth  flex_column_div av-zero-column-padding first  avia-builder-el-5  el_before_av_one_fifth  avia-builder-el-first  \" style='border-radius:0px; '><\/div><div class=\"flex_column av_one_fifth  flex_column_div   avia-builder-el-6  el_after_av_one_fifth  el_before_av_three_fifth  \" style='padding:0px 20px 0px 0px ; border-radius:0px; '><div  class='avia-image-container  av-styling-circle    avia-builder-el-7  avia-builder-el-no-sibling  avia-align-left '  itemprop=\"image\" itemscope=\"itemscope\" itemtype=\"https:\/\/schema.org\/ImageObject\"  ><div class='avia-image-container-inner'><div class='avia-image-overlay-wrap'><a href='https:\/\/espaivincles.es\/wp-content\/uploads\/2020\/10\/LOGO-PNG-700.png' class='avia_image'  ><img class='avia_image ' src='https:\/\/espaivincles.es\/wp-content\/uploads\/2020\/10\/LOGO-PNG-700-258x300.png' alt='' title=''  itemprop=\"thumbnailUrl\"  \/><\/a><\/div><\/div><\/div><\/div><div class=\"flex_column av_three_fifth  flex_column_div   avia-builder-el-8  el_after_av_one_fifth  el_before_av_hr  \" style='padding:0px 20px 0px 0px ; border-radius:0px; '><p><div  style='padding-bottom:0px; font-size:30px;' class='av-special-heading av-special-heading-h3  blockquote modern-quote  avia-builder-el-9  el_before_av_textblock  avia-builder-el-first  av-inherit-size '><h3 class='av-special-heading-tag '  itemprop=\"headline\"  >SERVEIS<\/h3><div class='special-heading-border'><div class='special-heading-inner-border' ><\/div><\/div><\/div><br \/>\n<section class=\"av_textblock_section \"  itemscope=\"itemscope\" itemtype=\"https:\/\/schema.org\/CreativeWork\" ><div class='avia_textblock  '   itemprop=\"text\" ><p>Montse Mateo Claramunt<br \/>\nPsicologia infantil<br \/>\nM\u00f2bil. 628 55 91 16<\/p>\n<\/div><\/section><\/p><\/div><div  style='height:40px' class='hr hr-invisible   avia-builder-el-11  el_after_av_three_fifth  avia-builder-el-last '><span class='hr-inner ' ><span class='hr-inner-style'><\/span><\/span><\/div>\n\n<\/div><\/div><\/div><!-- close content main div --><\/div><\/div><div id='av_section_2'  class='avia-section main_color avia-section-small avia-no-border-styling  avia-full-stretch avia-bg-style-fixed  avia-builder-el-12  el_after_av_section  avia-builder-el-last   container_wrap fullsize' style='background-repeat: no-repeat; background-image: url(https:\/\/espaivincles.es\/wp-content\/uploads\/2020\/10\/FRANJA-3-SUP-31-1210x423.jpg);background-attachment: fixed; background-position: top left;  '  data-section-bg-repeat='stretch'><div class='container' ><div class='template-page content  av-content-full alpha units'><div class='post-entry post-entry-type-page post-entry-485'><div class='entry-content-wrapper clearfix'>\n<div  style='height:30px' class='hr hr-invisible   avia-builder-el-13  el_before_av_one_full  avia-builder-el-first '><span class='hr-inner ' ><span class='hr-inner-style'><\/span><\/span><\/div>\n<div class=\"flex_column av_one_full  flex_column_div first  avia-builder-el-14  el_after_av_hr  el_before_av_one_full  \" style='border-width:1px; border-color:#212121; border-style:solid; padding:38px; border-radius:18px; '><p><article  class=\"iconbox iconbox_left    avia-builder-el-15  el_before_av_textblock  avia-builder-el-first  \"  itemscope=\"itemscope\" itemtype=\"https:\/\/schema.org\/CreativeWork\" ><div class=\"iconbox_content\"><header class=\"entry-content-header\"><div class=\"iconbox_icon heading-color \" aria-hidden='true' data-av_icon='\ue8b8' data-av_iconfont='entypo-fontello'  ><\/div><h3 class='iconbox_content_title  '  itemprop=\"headline\"  >Atenci\u00f3 preco\u00e7<\/h3><\/header><div class='iconbox_content_container  '  itemprop=\"text\"  ><\/div><\/div><footer class=\"entry-footer\"><\/footer><\/article><br \/>\n<section class=\"av_textblock_section \"  itemscope=\"itemscope\" itemtype=\"https:\/\/schema.org\/CreativeWork\" ><div class='avia_textblock  av_inherit_color '  style='color:#6b6b6b; '  itemprop=\"text\" ><p>Servei adre\u00e7at als infants de 0 a 6 anys i a les seves fam\u00edlies en tot all\u00f2 relacionat amb el desenvolupament i la crian\u00e7a. Soc especialista en petita inf\u00e0ncia i aquest fet diferencia l&#8217;Espai Vincles d&#8217;altres serveis de la zona. Treballar amb els infants i les seves fam\u00edlies des del primer moment de forma preco\u00e7, ajuda a prevenir, evitar i minimitzar greus alteracions en el posterior desenvolupament f\u00edsic, ps\u00edquic i emocional de l\u2019infant. Considero important el treball conjunt amb els pares, la manera en que els pares entenen i donen resposta a les interaccions del seu infant incideix de forma important en el seu desenvolupament.<\/p>\n<p>L\u2019Espai Vincles vol donar resposta a una mancan\u00e7a actual en el m\u00f3n de l\u2019atenci\u00f3 preco\u00e7. Quan un infant i la seva fam\u00edlia han estat atesos en un servei de la xarxa p\u00fablica de CDIAP\u2019s i ha de continuar el tractament, es troba amb un buit on \u00e9s dif\u00edcil trobar serveis que ofereixin el mateix tipus d&#8217;atenci\u00f3.<\/p>\n<p>Oriento sobre l&#8217;adaptaci\u00f3 a l&#8217;escola, l&#8217;alimentaci\u00f3, la son, el control d&#8217;esf\u00ednters, el desenvolupament motriu, els l\u00edmits, les rebequeries, la relaci\u00f3 entre germans, adopcions&#8230;<\/p>\n<\/div><\/section><\/p><\/div><div class=\"flex_column av_one_full  flex_column_div first  avia-builder-el-17  el_after_av_one_full  el_before_av_one_full  column-top-margin\" style='border-width:1px; border-color:#212121; border-style:solid; padding:38px; border-radius:18px; '><p><article  class=\"iconbox iconbox_left    avia-builder-el-18  el_before_av_textblock  avia-builder-el-first  \"  itemscope=\"itemscope\" itemtype=\"https:\/\/schema.org\/CreativeWork\" ><div class=\"iconbox_content\"><header class=\"entry-content-header\"><div class=\"iconbox_icon heading-color \" aria-hidden='true' data-av_icon='\ue8c9' data-av_iconfont='entypo-fontello'  ><\/div><h3 class='iconbox_content_title  '  itemprop=\"headline\"  >Psicologia infantil i Reeducacions<\/h3><\/header><div class='iconbox_content_container  '  itemprop=\"text\"  ><\/div><\/div><footer class=\"entry-footer\"><\/footer><\/article><br \/>\n<section class=\"av_textblock_section \"  itemscope=\"itemscope\" itemtype=\"https:\/\/schema.org\/CreativeWork\" ><div class='avia_textblock  av_inherit_color '  style='color:#6b6b6b; '  itemprop=\"text\" ><p>El meu marc te\u00f2ric referent \u00e9s la psicologia din\u00e0mica, entenem que el creixement \u00e9s un proc\u00e9s de maduraci\u00f3 i per tant din\u00e0mic i en constant evoluci\u00f3. Alhora tamb\u00e9 treballo amb altres metodologies com la psicologia sist\u00e8mica; l&#8217;infant pertany a un sistema familiar, mirar l&#8217;infant en el seu context natural i veure quines din\u00e0miques s&#8217;estableixen entre els seus membres, pot ajudar a entendre les dificultats que presenta i afavorir el benestar de tots. Miro d&#8217;integrar totes aquelles aportacions que m\u2019ajuden a entendre millor a la persona, per acompanyar-la de la manera m\u00e9s oberta, flexible, respectuosa i individualitzada possible, a partir del vincle que s&#8217;estableix amb el terapeuta.<\/p>\n<\/div><\/section><\/p><\/div><div class=\"flex_column av_one_full  flex_column_div first  avia-builder-el-20  el_after_av_one_full  el_before_av_one_full  column-top-margin\" style='border-width:1px; border-color:#212121; border-style:solid; padding:38px; border-radius:18px; '><p><article  class=\"iconbox iconbox_left    avia-builder-el-21  el_before_av_textblock  avia-builder-el-first  \"  itemscope=\"itemscope\" itemtype=\"https:\/\/schema.org\/CreativeWork\" ><div class=\"iconbox_content\"><header class=\"entry-content-header\"><div class=\"iconbox_icon heading-color \" aria-hidden='true' data-av_icon='\ue8b7' data-av_iconfont='entypo-fontello'  ><\/div><h3 class='iconbox_content_title  '  itemprop=\"headline\"  >Infants i adolescents<\/h3><\/header><div class='iconbox_content_container  '  itemprop=\"text\"  ><\/div><\/div><footer class=\"entry-footer\"><\/footer><\/article><br \/>\n<section class=\"av_textblock_section \"  itemscope=\"itemscope\" itemtype=\"https:\/\/schema.org\/CreativeWork\" ><div class='avia_textblock  av_inherit_color '  style='color:#6b6b6b; '  itemprop=\"text\" ><p>Dificultats en la crian\u00e7a (alimentaci\u00f3, son, control d&#8217;esf\u00ednters, l\u00edmits, conducta), retard en el desenvolupament evolutiu, trastorns emocionals (ansietat, pors, tristor, inseguretat, autoestima), trastorns generalitzats del desenvolupament (TGD, TEA, autisme, psicosi infantil, S\u00edndrome d\u2019Asperger), dificultats en el comportament (impulsivitat, agressivitat, conducta disruptiva).<\/p>\n<\/div><\/section><\/p><\/div><div class=\"flex_column av_one_full  flex_column_div first  avia-builder-el-23  el_after_av_one_full  el_before_av_one_full  column-top-margin\" style='border-width:1px; border-color:#212121; border-style:solid; padding:38px; border-radius:18px; '><p><article  class=\"iconbox iconbox_left    avia-builder-el-24  el_before_av_textblock  avia-builder-el-first  \"  itemscope=\"itemscope\" itemtype=\"https:\/\/schema.org\/CreativeWork\" ><div class=\"iconbox_content\"><header class=\"entry-content-header\"><div class=\"iconbox_icon heading-color \" aria-hidden='true' data-av_icon='\ue8ce' data-av_iconfont='entypo-fontello'  ><\/div><h3 class='iconbox_content_title  '  itemprop=\"headline\"  >Psicopedagogia<\/h3><\/header><div class='iconbox_content_container  '  itemprop=\"text\"  ><\/div><\/div><footer class=\"entry-footer\"><\/footer><\/article><br \/>\n<section class=\"av_textblock_section \"  itemscope=\"itemscope\" itemtype=\"https:\/\/schema.org\/CreativeWork\" ><div class='avia_textblock  av_inherit_color '  style='color:#6b6b6b; '  itemprop=\"text\" ><p>Dificultats d&#8217;aprenentatge i t\u00e8cniques d&#8217;estudi, reeducacions (disl\u00e8xia, inatenci\u00f3, impulsivitat, hiperactivitat).<\/p>\n<\/div><\/section><\/p><\/div><div class=\"flex_column av_one_full  flex_column_div first  avia-builder-el-26  el_after_av_one_full  el_before_av_hr  column-top-margin\" style='border-width:1px; border-color:#212121; border-style:solid; padding:38px; border-radius:18px; '><p><article  class=\"iconbox iconbox_left    avia-builder-el-27  el_before_av_textblock  avia-builder-el-first  \"  itemscope=\"itemscope\" itemtype=\"https:\/\/schema.org\/CreativeWork\" ><div class=\"iconbox_content\"><header class=\"entry-content-header\"><div class=\"iconbox_icon heading-color \" aria-hidden='true' data-av_icon='\ue80b' data-av_iconfont='entypo-fontello'  ><\/div><h3 class='iconbox_content_title  '  itemprop=\"headline\"  >Acompanyament i suport a l\u2019adopci\u00f3.<\/h3><\/header><div class='iconbox_content_container  '  itemprop=\"text\"  ><\/div><\/div><footer class=\"entry-footer\"><\/footer><\/article><br \/>\n<section class=\"av_textblock_section \"  itemscope=\"itemscope\" itemtype=\"https:\/\/schema.org\/CreativeWork\" ><div class='avia_textblock  av_inherit_color '  style='color:#6b6b6b; '  itemprop=\"text\" ><p>En l\u2019adopci\u00f3 es dona la trobada entre dues hist\u00f2ries doloroses. Per una banda, el fill\/a adoptat que ha estat abandonat per la seva fam\u00edlia biol\u00f2gica i que en molts casos ha hagut de canviar de grup cultural. I per l\u2019altre, es troba la fam\u00edlia adoptiva que en la gran majoria ha patit la p\u00e8rdua o ha hagut de renunciar al fill biol\u00f2gic desitjat.<\/p>\n<p>La identitat \u00e9s la imatge que tenim de nosaltres mateixos i que ens permet de dir \u201caquest soc jo\u201d. Les experi\u00e8ncies sobre nosaltres mateixos van formant en la nostra ment, les imatges de la nostra identitat. En la formaci\u00f3 de la nostra identitat t\u00e9 molta influ\u00e8ncia la cultura on vivim, la incorporem de molt petits, i \u00e9s per aix\u00f2 que pot ser f\u00e0cil imaginar, la dificultat que pot representar canviar d\u2019un grup cultural a un altre en els nens adoptats. Per altra banda, es troba la fam\u00edlia adoptiva que com hem comentat anteriorment tamb\u00e9 venen d\u2019una p\u00e8rdua en molts casos. L&#8217;elaboraci\u00f3 i la connexi\u00f3 amb aquests sentiments ajudaran a que els pares adoptius puguin captar, i respectar els sentiments dels nens que un dia van ser abandonats.<\/p>\n<\/div><\/section><\/p><\/div><div  style='height:190px' class='hr hr-invisible   avia-builder-el-29  el_after_av_one_full  avia-builder-el-last '><span class='hr-inner ' ><span class='hr-inner-style'><\/span><\/span><\/div>\n\n","protected":false},"excerpt":{"rendered":"","protected":false},"author":1,"featured_media":0,"parent":0,"menu_order":0,"comment_status":"closed","ping_status":"closed","template":"","meta":{"_joinchat":[],"footnotes":""},"class_list":["post-485","page","type-page","status-publish","hentry"],"_links":{"self":[{"href":"https:\/\/espaivincles.es\/index.php\/wp-json\/wp\/v2\/pages\/485","targetHints":{"allow":["GET"]}}],"collection":[{"href":"https:\/\/espaivincles.es\/index.php\/wp-json\/wp\/v2\/pages"}],"about":[{"href":"https:\/\/espaivincles.es\/index.php\/wp-json\/wp\/v2\/types\/page"}],"author":[{"embeddable":true,"href":"https:\/\/espaivincles.es\/index.php\/wp-json\/wp\/v2\/users\/1"}],"replies":[{"embeddable":true,"href":"https:\/\/espaivincles.es\/index.php\/wp-json\/wp\/v2\/comments?post=485"}],"version-history":[{"count":60,"href":"https:\/\/espaivincles.es\/index.php\/wp-json\/wp\/v2\/pages\/485\/revisions"}],"predecessor-version":[{"id":794,"href":"https:\/\/espaivincles.es\/index.php\/wp-json\/wp\/v2\/pages\/485\/revisions\/794"}],"wp:attachment":[{"href":"https:\/\/espaivincles.es\/index.php\/wp-json\/wp\/v2\/media?parent=485"}],"curies":[{"name":"wp","href":"https:\/\/api.w.org\/{rel}","templated":true}]}}

<div id='av-layout-grid-1'  class='av-layout-grid-container entry-content-wrapper main_color av-fixed-cells     avia-builder-el-0  el_before_av_section  avia-builder-el-first  container_wrap fullsize' style=' '  >
<div class="flex_cell no_margin av_one_third  avia-builder-el-1  el_before_av_cell_one_third  avia-builder-el-first   "  style='vertical-align:top; padding:3px 0px 0px 0px ; background-color:#a0cdd2; ' ><div class='flex_cell_inner' ></div></div><div class="flex_cell no_margin av_one_third  avia-builder-el-2  el_after_av_cell_one_third  el_before_av_cell_one_third   "  style='vertical-align:top; padding:3px 0px 0px 0px ; background-color:#88aeb3; ' ><div class='flex_cell_inner' ></div></div><div class="flex_cell no_margin av_one_third  avia-builder-el-3  el_after_av_cell_one_third  avia-builder-el-last   "  style='vertical-align:top; padding:3px 0px 0px 0px ; background-color:#697e81; ' ><div class='flex_cell_inner' ></div></div>
</div>
<div id='av_section_1'  class='avia-section main_color avia-section-small avia-no-border-styling  avia-bg-style-scroll  avia-builder-el-4  el_after_av_layout_row  el_before_av_section   container_wrap fullsize' style=' margin-top:10px; margin-bottom:10px; '  ><div class='container' ><div class='template-page content  av-content-full alpha units'><div class='post-entry post-entry-type-page post-entry-485'><div class='entry-content-wrapper clearfix'>
<div class="flex_column av_one_fifth  flex_column_div av-zero-column-padding first  avia-builder-el-5  el_before_av_one_fifth  avia-builder-el-first  " style='border-radius:0px; '></div><div class="flex_column av_one_fifth  flex_column_div   avia-builder-el-6  el_after_av_one_fifth  el_before_av_three_fifth  " style='padding:0px 20px 0px 0px ; border-radius:0px; '><div  class='avia-image-container  av-styling-circle    avia-builder-el-7  avia-builder-el-no-sibling  avia-align-left '  itemprop="image" itemscope="itemscope" itemtype="https://schema.org/ImageObject"  ><div class='avia-image-container-inner'><div class='avia-image-overlay-wrap'><a href='https://espaivincles.es/wp-content/uploads/2020/10/LOGO-PNG-700.png' class='avia_image'  ><img class='avia_image ' src='https://espaivincles.es/wp-content/uploads/2020/10/LOGO-PNG-700-258x300.png' alt='' title=''  itemprop="thumbnailUrl"  /></a></div></div></div></div><div class="flex_column av_three_fifth  flex_column_div   avia-builder-el-8  el_after_av_one_fifth  el_before_av_hr  " style='padding:0px 20px 0px 0px ; border-radius:0px; '><p><div  style='padding-bottom:0px; font-size:30px;' class='av-special-heading av-special-heading-h3  blockquote modern-quote  avia-builder-el-9  el_before_av_textblock  avia-builder-el-first  av-inherit-size '><h3 class='av-special-heading-tag '  itemprop="headline"  >SERVEIS</h3><div class='special-heading-border'><div class='special-heading-inner-border' ></div></div></div><br />
<section class="av_textblock_section "  itemscope="itemscope" itemtype="https://schema.org/CreativeWork" ><div class='avia_textblock  '   itemprop="text" ><p>Montse Mateo Claramunt<br />
Psicologia infantil<br />
Mòbil. 628 55 91 16</p>
</div></section></p></div><div  style='height:40px' class='hr hr-invisible   avia-builder-el-11  el_after_av_three_fifth  avia-builder-el-last '><span class='hr-inner ' ><span class='hr-inner-style'></span></span></div>

</div></div></div><!-- close content main div --></div></div><div id='av_section_2'  class='avia-section main_color avia-section-small avia-no-border-styling  avia-full-stretch avia-bg-style-fixed  avia-builder-el-12  el_after_av_section  avia-builder-el-last   container_wrap fullsize' style='background-repeat: no-repeat; background-image: url(https://espaivincles.es/wp-content/uploads/2020/10/FRANJA-3-SUP-31-1210x423.jpg);background-attachment: fixed; background-position: top left;  '  data-section-bg-repeat='stretch'><div class='container' ><div class='template-page content  av-content-full alpha units'><div class='post-entry post-entry-type-page post-entry-485'><div class='entry-content-wrapper clearfix'>
<div  style='height:30px' class='hr hr-invisible   avia-builder-el-13  el_before_av_one_full  avia-builder-el-first '><span class='hr-inner ' ><span class='hr-inner-style'></span></span></div>
<div class="flex_column av_one_full  flex_column_div first  avia-builder-el-14  el_after_av_hr  el_before_av_one_full  " style='border-width:1px; border-color:#212121; border-style:solid; padding:38px; border-radius:18px; '><p><article  class="iconbox iconbox_left    avia-builder-el-15  el_before_av_textblock  avia-builder-el-first  "  itemscope="itemscope" itemtype="https://schema.org/CreativeWork" ><div class="iconbox_content"><header class="entry-content-header"><div class="iconbox_icon heading-color " aria-hidden='true' data-av_icon='' data-av_iconfont='entypo-fontello'  ></div><h3 class='iconbox_content_title  '  itemprop="headline"  >Atenció precoç</h3></header><div class='iconbox_content_container  '  itemprop="text"  ></div></div><footer class="entry-footer"></footer></article><br />
<section class="av_textblock_section "  itemscope="itemscope" itemtype="https://schema.org/CreativeWork" ><div class='avia_textblock  av_inherit_color '  style='color:#6b6b6b; '  itemprop="text" ><p>Servei adreçat als infants de 0 a 6 anys i a les seves famílies en tot allò relacionat amb el desenvolupament i la criança. Soc especialista en petita infància i aquest fet diferencia l&#8217;Espai Vincles d&#8217;altres serveis de la zona. Treballar amb els infants i les seves famílies des del primer moment de forma precoç, ajuda a prevenir, evitar i minimitzar greus alteracions en el posterior desenvolupament físic, psíquic i emocional de l’infant. Considero important el treball conjunt amb els pares, la manera en que els pares entenen i donen resposta a les interaccions del seu infant incideix de forma important en el seu desenvolupament.</p>
<p>L’Espai Vincles vol donar resposta a una mancança actual en el món de l’atenció precoç. Quan un infant i la seva família han estat atesos en un servei de la xarxa pública de CDIAP’s i ha de continuar el tractament, es troba amb un buit on és difícil trobar serveis que ofereixin el mateix tipus d&#8217;atenció.</p>
<p>Oriento sobre l&#8217;adaptació a l&#8217;escola, l&#8217;alimentació, la son, el control d&#8217;esfínters, el desenvolupament motriu, els límits, les rebequeries, la relació entre germans, adopcions&#8230;</p>
</div></section></p></div><div class="flex_column av_one_full  flex_column_div first  avia-builder-el-17  el_after_av_one_full  el_before_av_one_full  column-top-margin" style='border-width:1px; border-color:#212121; border-style:solid; padding:38px; border-radius:18px; '><p><article  class="iconbox iconbox_left    avia-builder-el-18  el_before_av_textblock  avia-builder-el-first  "  itemscope="itemscope" itemtype="https://schema.org/CreativeWork" ><div class="iconbox_content"><header class="entry-content-header"><div class="iconbox_icon heading-color " aria-hidden='true' data-av_icon='' data-av_iconfont='entypo-fontello'  ></div><h3 class='iconbox_content_title  '  itemprop="headline"  >Psicologia infantil i Reeducacions</h3></header><div class='iconbox_content_container  '  itemprop="text"  ></div></div><footer class="entry-footer"></footer></article><br />
<section class="av_textblock_section "  itemscope="itemscope" itemtype="https://schema.org/CreativeWork" ><div class='avia_textblock  av_inherit_color '  style='color:#6b6b6b; '  itemprop="text" ><p>El meu marc teòric referent és la psicologia dinàmica, entenem que el creixement és un procés de maduració i per tant dinàmic i en constant evolució. Alhora també treballo amb altres metodologies com la psicologia sistèmica; l&#8217;infant pertany a un sistema familiar, mirar l&#8217;infant en el seu context natural i veure quines dinàmiques s&#8217;estableixen entre els seus membres, pot ajudar a entendre les dificultats que presenta i afavorir el benestar de tots. Miro d&#8217;integrar totes aquelles aportacions que m’ajuden a entendre millor a la persona, per acompanyar-la de la manera més oberta, flexible, respectuosa i individualitzada possible, a partir del vincle que s&#8217;estableix amb el terapeuta.</p>
</div></section></p></div><div class="flex_column av_one_full  flex_column_div first  avia-builder-el-20  el_after_av_one_full  el_before_av_one_full  column-top-margin" style='border-width:1px; border-color:#212121; border-style:solid; padding:38px; border-radius:18px; '><p><article  class="iconbox iconbox_left    avia-builder-el-21  el_before_av_textblock  avia-builder-el-first  "  itemscope="itemscope" itemtype="https://schema.org/CreativeWork" ><div class="iconbox_content"><header class="entry-content-header"><div class="iconbox_icon heading-color " aria-hidden='true' data-av_icon='' data-av_iconfont='entypo-fontello'  ></div><h3 class='iconbox_content_title  '  itemprop="headline"  >Infants i adolescents</h3></header><div class='iconbox_content_container  '  itemprop="text"  ></div></div><footer class="entry-footer"></footer></article><br />
<section class="av_textblock_section "  itemscope="itemscope" itemtype="https://schema.org/CreativeWork" ><div class='avia_textblock  av_inherit_color '  style='color:#6b6b6b; '  itemprop="text" ><p>Dificultats en la criança (alimentació, son, control d&#8217;esfínters, límits, conducta), retard en el desenvolupament evolutiu, trastorns emocionals (ansietat, pors, tristor, inseguretat, autoestima), trastorns generalitzats del desenvolupament (TGD, TEA, autisme, psicosi infantil, Síndrome d’Asperger), dificultats en el comportament (impulsivitat, agressivitat, conducta disruptiva).</p>
</div></section></p></div><div class="flex_column av_one_full  flex_column_div first  avia-builder-el-23  el_after_av_one_full  el_before_av_one_full  column-top-margin" style='border-width:1px; border-color:#212121; border-style:solid; padding:38px; border-radius:18px; '><p><article  class="iconbox iconbox_left    avia-builder-el-24  el_before_av_textblock  avia-builder-el-first  "  itemscope="itemscope" itemtype="https://schema.org/CreativeWork" ><div class="iconbox_content"><header class="entry-content-header"><div class="iconbox_icon heading-color " aria-hidden='true' data-av_icon='' data-av_iconfont='entypo-fontello'  ></div><h3 class='iconbox_content_title  '  itemprop="headline"  >Psicopedagogia</h3></header><div class='iconbox_content_container  '  itemprop="text"  ></div></div><footer class="entry-footer"></footer></article><br />
<section class="av_textblock_section "  itemscope="itemscope" itemtype="https://schema.org/CreativeWork" ><div class='avia_textblock  av_inherit_color '  style='color:#6b6b6b; '  itemprop="text" ><p>Dificultats d&#8217;aprenentatge i tècniques d&#8217;estudi, reeducacions (dislèxia, inatenció, impulsivitat, hiperactivitat).</p>
</div></section></p></div><div class="flex_column av_one_full  flex_column_div first  avia-builder-el-26  el_after_av_one_full  el_before_av_hr  column-top-margin" style='border-width:1px; border-color:#212121; border-style:solid; padding:38px; border-radius:18px; '><p><article  class="iconbox iconbox_left    avia-builder-el-27  el_before_av_textblock  avia-builder-el-first  "  itemscope="itemscope" itemtype="https://schema.org/CreativeWork" ><div class="iconbox_content"><header class="entry-content-header"><div class="iconbox_icon heading-color " aria-hidden='true' data-av_icon='' data-av_iconfont='entypo-fontello'  ></div><h3 class='iconbox_content_title  '  itemprop="headline"  >Acompanyament i suport a l’adopció.</h3></header><div class='iconbox_content_container  '  itemprop="text"  ></div></div><footer class="entry-footer"></footer></article><br />
<section class="av_textblock_section "  itemscope="itemscope" itemtype="https://schema.org/CreativeWork" ><div class='avia_textblock  av_inherit_color '  style='color:#6b6b6b; '  itemprop="text" ><p>En l’adopció es dona la trobada entre dues històries doloroses. Per una banda, el fill/a adoptat que ha estat abandonat per la seva família biològica i que en molts casos ha hagut de canviar de grup cultural. I per l’altre, es troba la família adoptiva que en la gran majoria ha patit la pèrdua o ha hagut de renunciar al fill biològic desitjat.</p>
<p>La identitat és la imatge que tenim de nosaltres mateixos i que ens permet de dir “aquest soc jo”. Les experiències sobre nosaltres mateixos van formant en la nostra ment, les imatges de la nostra identitat. En la formació de la nostra identitat té molta influència la cultura on vivim, la incorporem de molt petits, i és per això que pot ser fàcil imaginar, la dificultat que pot representar canviar d’un grup cultural a un altre en els nens adoptats. Per altra banda, es troba la família adoptiva que com hem comentat anteriorment també venen d’una pèrdua en molts casos. L&#8217;elaboració i la connexió amb aquests sentiments ajudaran a que els pares adoptius puguin captar, i respectar els sentiments dels nens que un dia van ser abandonats.</p>
</div></section></p></div><div  style='height:190px' class='hr hr-invisible   avia-builder-el-29  el_after_av_one_full  avia-builder-el-last '><span class='hr-inner ' ><span class='hr-inner-style'></span></span></div>
